
Suppose 0 = -s - 5*w + 18, 7*s - 2*s = 5*w + 60. Suppose 5*o = -s - 2. Is (712/12)/((-2)/o) composite?
False
Suppose 0 = -v + 4. Suppose -9 = -v*s + s. Suppose -4*z + 115 = -s*t, -t - 102 = -3*z - 4*t. Is z a composite number?
False
Suppose -4*n + 179 = -0*b + 5*b, 3*b = n - 66. Is n a prime number?
False
Is 749 + 3/(-1)*1 composite?
True
Let o = 6760 + -4491. Is o composite?
False
Let v = 322 + 189. Is v a composite number?
True
Let l(m) be the first derivative of 3*m**4/4 + m**3 - m**2/2 + m - 2. Is l(2) composite?
True
Is (-4)/14 + (-3 - (-517232)/56) a prime number?
False
Is (1 + 2 + -2)*1711 a prime number?
False
Let n = 4 + -2. Suppose 2*t - 3*f = 580, t + 303 = n*t + 5*f. Is t a prime number?
True
Let w(k) be the third derivative of k**5/60 + k**4/6 - 5*k**3/6 - k**2. Let u be w(-5). Suppose 0 = 5*a - 2*x - 42, u = -3*a - 3*x + 42. Is a prime?
False
Let m = -7 + 6. Is -3 - (2/m - 870) composite?
True
Let m = -1 + 20. Is m a composite number?
False
Let y(a) = 54*a - 1. Let m be y(1). Suppose -2*j + 106 = 2*c, -m = -0*j - j + 4*c. Is j a composite number?
False
Suppose -2*o = 2*c + 2, 0 = 3*o + 5*c + 4 + 5. Suppose 0 = -0*v - o*v + 52. Is v a composite number?
True
Suppose 2*d - 3*s - 2*s = 37, 19 = -d - 5*s. Let h be 2/((-3)/d - 0). Is 681/27 - h/(-18) a prime number?
False
Suppose 5*q = 5*d + 735, 3*q - q - 5*d = 288. Is q prime?
True
Let i = -172 + 1383. Is i composite?
True
Let w(p) = p - 2. Let t be w(0). Suppose 3*b + 70 = 5*b. Let u = b + t. Is u a prime number?
False
Suppose 0 = -3*n - n + 16. Let g be 6*(-26)/12*n. Let u = 105 + g. Is u a prime number?
True
Let k(h) = -h**2 + 8*h - 4. Let i be k(3). Let n = -18 + i. Is ((-18)/n)/3*7 a prime number?
False
Suppose 150 = 4*w + 2. Is w a composite number?
False
Let p be 5/2*(-156)/(-10). Let r = 106 + p. Is r composite?
True
Is 108/162 - 1/((-3)/8317) prime?
False
Let q(h) = 2*h**2 + h - 2*h + 3 + 4*h - 8*h**2 - h**3. Is q(-7) composite?
False
Let g = 2 + -5. Let u(i) = i + 3*i**2 + 3*i - i**2. Is u(g) a composite number?
True
Suppose 16*d = 18*d - 5138. Is d a prime number?
False
Suppose n = 5*n - 3660. Suppose 4*a + 103 = n. Is a composite?
True
Let l(a) = -a**3 - 3*a**2 + 2*a - 2. Let w be l(-4). Suppose w*r - 12 = 3*r. Suppose r*p - 18 - 10 = 0. Is p composite?
False
Suppose -y = 5*i - 3*y - 21, 0 = -2*i - 4*y - 6. Suppose -m - 5*v = 2*m - 967, -i*m = v - 959. Is m a composite number?
True
Suppose h - 4 = d - 1, 33 = 4*d + 5*h. Suppose -o - 4*o = 5*v - 660, -d*v + 274 = 4*o. Is v a composite number?
False
Let a = 29 + -22. Is a a composite number?
False
Let k(i) = i - 13. Let h be k(17). Suppose h = -2*s, 2*d + 21 = 3*s + 161. Is d composite?
False
Suppose 4*s - n = 8, 3*s + 0*s - 6 = -2*n. Suppose 2*v - s*f - 156 - 20 = 0, 1 = f. Is v a composite number?
False
Suppose 2*x = 5*x. Let u = -1 + -30. Let h = x - u. Is h a composite number?
False
Let h(l) = 18*l + 109. Is h(29) a composite number?
False
Let w be (-45)/6*32/(-6). Suppose 5*y - x - 92 = 0, -2*y - x + w = -3*x. Suppose -2*f = -3*j + 42 - 8, j - 4*f = y. Is j composite?
True
Suppose 1182 = 4*d + 2*i, -4*d - 3*i + 401 = -786. Is d a prime number?
True
Is -443*(4/(-22) - 18/22) a composite number?
False
Let a(k) = k**3 - 9*k**2 + 9*k - 8. Let g = 15 - 7. Let b be a(g). Suppose 0 = -w - 5*x - 7, -4*x - 5 = w - b*x. Is w prime?
True
Is (-2945)/(-10) - 6/4 a prime number?
True
Suppose 2*t = -5*h - t + 457, -4 = -t. Suppose h = j - 0*j. Is j prime?
True
Let c(h) = 184*h + 1. Suppose -17*p + 18*p - 1 = 0. Is c(p) composite?
True
Let b(p) = 3*p**3 + 6*p**2 - 3*p - 5. Let f(x) = x**3 - 2*x**3 + 0*x**3. Let q(o) = -b(o) - 6*f(o). Is q(4) prime?
True
Let b(y) = -y + 3. Let a be b(4). Is (-46)/8*(a - 7) prime?
False
Let g(u) = -u**2 - 127. Let i be g(0). Is ((-9)/(-3) - 4)*i a prime number?
True
Suppose 0 = -m + 161 + 130. Is m a composite number?
True
Suppose 3*d = d - 12. Let a(f) = -f**3 - f**2 - f - 2. Let h be a(d). Suppose 0 = x - 5*w - 64, -4*x + 2*w = 6*w - h. Is x prime?
False
Let a be (-2)/(-1) + -2 + -4. Is ((-21)/a)/((-1)/(-4)) prime?
False
Let f = -269 - -534. Is f a prime number?
False
Suppose 395 + 513 = 2*v + 2*f, -v + 442 = -3*f. Is v a composite number?
True
Let w = -20 - -24. Suppose -44 = -2*j + 2*o + 480, 1290 = 5*j + 5*o. Suppose w*m = -40 + j. Is m a composite number?
True
Let l = -4 - -4. Let r(g) = g**2 + g - 69. Let z be r(l). Let y = z - -100. Is y composite?
False
Is 797/5 - 6/15 a composite number?
True
Is ((-2)/8)/(-1*(-5)/(-174740)) a prime number?
True
Let i = 15 + -10. Suppose -2*o = i*k - 223, -3*o + 13 = -k + 44. Is k prime?
True
Let i be (-4)/(-10) + 185/(-25). Let g = i - -9. Suppose -31 = -2*k - r + 2*r, 0 = -g*k - 4*r + 26. Is k prime?
False
Let j be ((-3)/3 - 2) + 3. Suppose j = -0*m - 3*m + 111. Is m a prime number?
True
Suppose 0*w = 3*w + 426. Let z = 15 - w. Is z a prime number?
True
Let k = 13 + -6. Let q be k*(-13)/(-2 + 1). Suppose -2 = j - q. Is j a composite number?
False
Let u(p) = 3*p - 3. Suppose -4*m + 9 - 1 = 0. Let a be u(m). Suppose 0 = -a*o + 4*o - 15. Is o a prime number?
False
Let j(f) = 42*f + 1. Let n = 4 - -1. Is j(n) prime?
True
Suppose 0*m + 5884 = 4*m. Is m a composite number?
False
Let r = 97 + -61. Suppose -124 = -b - 3*b + 2*x, -3*b + 4*x = -103. Suppose 0 = -u + r + b. Is u a composite number?
True
Let g = -357 - -664. Is g composite?
False
Let o = 1221 - 540. Is o a composite number?
True
Let t(g) = 18*g - 2. Let q be t(4). Let a = -49 + q. Is a prime?
False
Let f(a) = 25*a**3 - a + 1. Let q be f(1). Let y = q + -47. Let c = y + 41. Is c a prime number?
True
Let b(h) = -7*h**2 + h + 3. Let r be b(6). Let k be (-1)/(-4) - r/4. Let n = -36 + k. Is n a composite number?
True
Let i be -1 - 18/(-3) - 0. Suppose -1 = i*n + 4. Is (-13 + n)*2/(-2) prime?
False
Let r = 43 + -17. Suppose -5*f = 4*n + 216 + r, -f - 44 = 3*n. Let w = f - -99. Is w prime?
False
Let g = -96 + 156. Let t = 115 - g. Is t composite?
True
Is -2 - -38*(-9)/(-6) composite?
True
Suppose 2*j = 5*j - 9. Suppose -2*n = -j*n + 121. Is n prime?
False
Let b be 14 + -13 + 1/1. Suppose -9 = 2*q - 27. Let v = b + q. Is v a composite number?
False
Let m(a) = -6*a - 9. Let y = -11 + 5. Let z be m(y). Suppose z = 3*s - 0*s. Is s a composite number?
True
Suppose -4*a + 6*a = -3*b + 883, a + 591 = 2*b. Is b prime?
False
Let v be (-234)/(-15) + (-4)/(-10). Let p be (2/4)/((-2)/v). Let g(y) = -2*y**3 + 2*y**2 + 3*y - 3. Is g(p) a composite number?
True
Is (-2)/(((-20)/74)/5) a composite number?
False
Suppose -q = -2*r - 258, -q - 2*q = -5*r - 775. Suppose -2*s + 2*p + 32 + q = 0, -2*s - 2*p = -304. Is s prime?
True
Suppose r + 0*r = -5*d + 1551, -2*d = -5*r + 7701. Is r composite?
True
Suppose 4*a - o - 9 = 0, 4*o = 2*a + 2*o. Suppose -5*s = 15, 5*s + 4 = -n + a*s. Suppose 5*r - 118 = 2*t + n*t, -3*t - 6 = 0. Is r a composite number?
True
Let n = 866 - 609. Is n composite?
False
Is (16/24)/((-4)/(-5802)) composite?
False
Let h be -3*(392/(-12) - -1). Is (1 - -1)*h/10 a prime number?
True
Let g(b) = 9*b**2 - 20*b - 25. Is g(18) composite?
False
Let b(a) = 2*a**3 + 2*a**2 + 8*a + 1. Is b(6) composite?
True
Let j = 67 + 51. Is j prime?
False
Let j be 0 + 1/2*-4. Is (-1 - j)/(7/133) a composite number?
False
Suppose 2*j - t = 6*j - 3118, 3*j - t - 2335 = 0. Is j a prime number?
False
Suppose 199 + 23 = 2*q. Let l = q - 56. Suppose 0*k = 5*k - l. Is k composite?
False
Is (62/8)/((-4)/(-272)) a composite number?
True
Let a(m) = -m + 1. Let o be a(-4). Suppose -k + 0 + 2 = 0, -o*n = 2*k - 219. Is n composite?
False
Let l(a) = 71*a - 4. Let m be l(4). Let r = m - 76. Let c = r + -125. Is c a prime number?
True
Suppose -6*m + h = -2*m - 57, m - 3 = 4*h. Suppose 3*r = 15, -4*r + 0 = -5*o - m. Let q(t) = 58*t**3 - t. Is q(o) prime?
False
Suppose -5*s = -2*o - 6089, -2428 = -2*s - 4*o + o. Is s prime?
True
Let z = 6 + -2. Let l be 2/(-11) - z/(-22). Suppose l = -h - 1, 4*a = h - 0*h + 149. Is a prime?
True
Suppose -175 = -5*c - 3*h, -4*c + 2*h = -3*c - 35. Is c composite?
True
Suppose 0 = 3*z + 2*x + 760 - 1842, -4*x = 2*z - 724. Suppose 0 = 6*y - 2*y - z. Let n = y + -59. Is n a prime number?
True
Let g = 0 + 3. Suppose 8*q = g*q. Suppose -12 = -4*l - q*l. Is l composite?
False
Suppose -2*k - k + 48 = 0. Let j = k - 6. Le